{"id":67,"date":"2024-09-17T22:49:51","date_gmt":"2024-09-17T22:49:51","guid":{"rendered":"https:\/\/oflyer.wordifysites.com\/?page_id=67"},"modified":"2024-09-23T00:16:33","modified_gmt":"2024-09-23T00:16:33","slug":"qui-sommes-nous","status":"publish","type":"page","link":"https:\/\/www.oflyer.hawoly.bubbledouche.fr\/?page_id=67","title":{"rendered":"Qui sommes-nous?"},"content":{"rendered":"\t\t<div data-elementor-type=\"wp-page\" data-elementor-id=\"67\" class=\"elementor elementor-67\">\n\t\t\t\t<div class=\"elementor-element elementor-element-c8f01fe e-con-full e-flex wpr-particle-no wpr-jarallax-no wpr-parallax-no wpr-sticky-section-no e-con e-parent\" data-id=\"c8f01fe\" data-element_type=\"container\" data-settings=\"{&quot;background_background&quot;:&quot;gradient&quot;}\">\n\t\t<div class=\"elementor-element elementor-element-5a3ce81 e-con-full e-flex wpr-particle-no wpr-jarallax-no wpr-parallax-no wpr-sticky-section-no e-con e-child\" data-id=\"5a3ce81\" data-element_type=\"container\">\n\t\t<div class=\"elementor-element elementor-element-9b41238 e-con-full e-flex wpr-particle-no wpr-jarallax-no wpr-parallax-no wpr-sticky-section-no e-con e-child\" data-id=\"9b41238\" data-element_type=\"container\">\n\t\t<div class=\"elementor-element elementor-element-75cfd16 e-con-full e-flex wpr-particle-no wpr-jarallax-no wpr-parallax-no wpr-sticky-section-no e-con e-child\" data-id=\"75cfd16\" data-element_type=\"container\">\n\t\t\t\t<div class=\"elementor-element elementor-element-3426033 animated-slow elementor-invisible elementor-widget elementor-widget-heading\" data-id=\"3426033\" data-element_type=\"widget\" data-settings=\"{&quot;_animation&quot;:&quot;fadeIn&quot;,&quot;_animation_delay&quot;:400}\" data-widget_type=\"heading.default\">\n\t\t\t\t<div class=\"elementor-widget-container\">\n\t\t\t<h2 class=\"elementor-heading-title elementor-size-default\">Qui sommes nous?<\/h2>\t\t<\/div>\n\t\t\t\t<\/div>\n\t\t\t\t<div class=\"elementor-element elementor-element-2a86080 elementor-widget__width-auto animated-slow elementor-align-center elementor-invisible elementor-widget elementor-widget-button\" data-id=\"2a86080\" data-element_type=\"widget\" data-settings=\"{&quot;_animation&quot;:&quot;fadeIn&quot;,&quot;_animation_delay&quot;:50}\" data-widget_type=\"button.default\">\n\t\t\t\t<div class=\"elementor-widget-container\">\n\t\t\t\t\t<div class=\"elementor-button-wrapper\">\n\t\t\t<a class=\"elementor-button elementor-button-link elementor-size-md elementor-animation-shrink\" href=\"https:\/\/www.oflyer.hawoly.bubbledouche.fr\/\">\n\t\t\t\t\t\t<span class=\"elementor-button-content-wrapper\">\n\t\t\t\t\t\t\t\t\t<span class=\"elementor-button-text\">accueil<\/span>\n\t\t\t\t\t<\/span>\n\t\t\t\t\t<\/a>\n\t\t<\/div>\n\t\t\t\t<\/div>\n\t\t\t\t<\/div>\n\t\t\t\t<div class=\"elementor-element elementor-element-0b80bee elementor-widget elementor-widget-text-editor\" data-id=\"0b80bee\" data-element_type=\"widget\" data-widget_type=\"text-editor.default\">\n\t\t\t\t<div class=\"elementor-widget-container\">\n\t\t\t\t\t\t\t<p>O&#8217;Flyer est une entreprise jeune et dynamique fond\u00e9e par une jeune passionn\u00e9e , anim\u00e9e par le d\u00e9sir de donner vie \u00e0 vos id\u00e9es \u00e0 travers des cr\u00e9ations visuelles uniques. Depuis toujours, l\u2019art graphique et la vid\u00e9o font partie de son quotidien. Elle a d\u00e9cid\u00e9 de transformer cette passion en projet en offrant ses services pour cr\u00e9er des <strong>flyers percutants<\/strong>, des <strong>certificats d\u2019amiti\u00e9 personnalis\u00e9s<\/strong> et des<strong> montages vid\u00e9o captivants<\/strong>.<\/p><p>Chez O&#8217;Flyer, chaque cr\u00e9ation est con\u00e7ue avec soin, en s\u2019inspirant de vos envies et de votre univers. Que vous ayez besoin d\u2019un flyer original pour un \u00e9v\u00e9nement, d\u2019un certificat d\u2019amiti\u00e9 touchant pour c\u00e9l\u00e9brer une relation pr\u00e9cieuse, ou encore d\u2019un montage vid\u00e9o pour immortaliser vos plus beaux moments, O&#8217;Flyer vous accompagne dans toutes les \u00e9tapes de la conception.<\/p><p><em>Ce qui fait la force de notre jeune cr\u00e9atrice ?<\/em> <strong><em>La cr\u00e9ativit\u00e9 sans limite, l\u2019attention aux d\u00e9tails et une \u00e9nergie d\u00e9bordante<\/em><\/strong>. Elle apporte un regard frais et innovant sur le design tout en assurant des cr\u00e9ations qui vous ressemblent.<\/p><p>Nous vous invitons \u00e0 parcourir nos r\u00e9alisations et \u00e0 nous faire part de vos projets ! Chez O&#8217;Flyer, nous croyons que chaque id\u00e9e m\u00e9rite de devenir une \u0153uvre d\u2019art.<\/p><p><strong>Laissez-vous inspirer, et confiez-nous vos r\u00eaves graphiques et vid\u00e9o.<\/strong><br \/>O&#8217;Flyer\u2013 Un envol de cr\u00e9ativit\u00e9\u00a0<\/p>\t\t\t\t\t\t<\/div>\n\t\t\t\t<\/div>\n\t\t\t\t<\/div>\n\t\t\t\t<\/div>\n\t\t\t\t<\/div>\n\t\t\t\t<\/div>\n\t\t\t\t<\/div>\n\t\t","protected":false},"excerpt":{"rendered":"<p>Qui sommes nous? accueil O&#8217;Flyer est une entreprise jeune et dynamique fond\u00e9e par une jeune passionn\u00e9e , anim\u00e9e par le d\u00e9sir de donner vie \u00e0 vos id\u00e9es \u00e0 travers des cr\u00e9ations visuelles uniques. Depuis toujours, l\u2019art graphique et la vid\u00e9o font partie de son quotidien. Elle a d\u00e9cid\u00e9 de transformer cette passion en projet en offrant ses services pour cr\u00e9er des flyers percutants, des certificats d\u2019amiti\u00e9 personnalis\u00e9s et des montages vid\u00e9o captivants. Chez O&#8217;Flyer, chaque cr\u00e9ation est con\u00e7ue avec soin, en s\u2019inspirant de vos envies et de votre univers. Que vous ayez besoin d\u2019un flyer original pour un \u00e9v\u00e9nement, d\u2019un certificat d\u2019amiti\u00e9 touchant pour c\u00e9l\u00e9brer une relation pr\u00e9cieuse, ou encore d\u2019un montage vid\u00e9o pour immortaliser vos plus beaux moments, O&#8217;Flyer vous accompagne dans toutes les \u00e9tapes de la conception. Ce qui fait la force de notre jeune cr\u00e9atrice ? La cr\u00e9ativit\u00e9 sans limite, l\u2019attention aux d\u00e9tails et une \u00e9nergie d\u00e9bordante. Elle apporte un regard frais et innovant sur le design tout en assurant des cr\u00e9ations qui vous ressemblent. Nous vous invitons \u00e0 parcourir nos r\u00e9alisations et \u00e0 nous faire part de vos projets ! Chez O&#8217;Flyer, nous croyons que chaque id\u00e9e m\u00e9rite de devenir une \u0153uvre d\u2019art. Laissez-vous inspirer, et confiez-nous vos r\u00eaves graphiques et vid\u00e9o.O&#8217;Flyer\u2013 Un envol de cr\u00e9ativit\u00e9\u00a0<\/p>\n","protected":false},"author":1,"featured_media":0,"parent":0,"menu_order":0,"comment_status":"closed","ping_status":"closed","template":"elementor_header_footer","meta":{"_eb_attr":"","_uag_custom_page_level_css":"","site-sidebar-layout":"no-sidebar","site-content-layout":"","ast-site-content-layout":"full-width-container","site-content-style":"default","site-sidebar-style":"default","ast-global-header-display":"","ast-banner-title-visibility":"","ast-main-header-display":"","ast-hfb-above-header-display":"","ast-hfb-below-header-display":"","ast-hfb-mobile-header-display":"","site-post-title":"disabled","ast-breadcrumbs-content":"","ast-featured-img":"disabled","footer-sml-layout":"","theme-transparent-header-meta":"","adv-header-id-meta":"","stick-header-meta":"","header-above-stick-meta":"","header-main-stick-meta":"","header-below-stick-meta":"","astra-migrate-meta-layouts":"default","ast-page-background-enabled":"default","ast-page-background-meta":{"desktop":{"background-color":"var(--ast-global-color-4)","background-image":"","background-repeat":"repeat","background-position":"center center","background-size":"auto","background-attachment":"scroll","background-type":"","background-media":"","overlay-type":"","overlay-color":"","overlay-opacity":"","overlay-gradient":""},"tablet":{"background-color":"","background-image":"","background-repeat":"repeat","background-position":"center center","background-size":"auto","background-attachment":"scroll","background-type":"","background-media":"","overlay-type":"","overlay-color":"","overlay-opacity":"","overlay-gradient":""},"mobile":{"background-color":"","background-image":"","background-repeat":"repeat","background-position":"center center","background-size":"auto","background-attachment":"scroll","background-type":"","background-media":"","overlay-type":"","overlay-color":"","overlay-opacity":"","overlay-gradient":""}},"ast-content-background-meta":{"desktop":{"background-color":"var(--ast-global-color-5)","background-image":"","background-repeat":"repeat","background-position":"center center","background-size":"auto","background-attachment":"scroll","background-type":"","background-media":"","overlay-type":"","overlay-color":"","overlay-opacity":"","overlay-gradient":""},"tablet":{"background-color":"var(--ast-global-color-5)","background-image":"","background-repeat":"repeat","background-position":"center center","background-size":"auto","background-attachment":"scroll","background-type":"","background-media":"","overlay-type":"","overlay-color":"","overlay-opacity":"","overlay-gradient":""},"mobile":{"background-color":"var(--ast-global-color-5)","background-image":"","background-repeat":"repeat","background-position":"center center","background-size":"auto","background-attachment":"scroll","background-type":"","background-media":"","overlay-type":"","overlay-color":"","overlay-opacity":"","overlay-gradient":""}},"footnotes":""},"class_list":["post-67","page","type-page","status-publish","hentry"],"jetpack_sharing_enabled":true,"uagb_featured_image_src":{"full":false,"thumbnail":false,"medium":false,"medium_large":false,"large":false,"1536x1536":false,"2048x2048":false,"mailpoet_newsletter_max":false,"woocommerce_thumbnail":false,"woocommerce_single":false,"woocommerce_gallery_thumbnail":false},"uagb_author_info":{"display_name":"oumou","author_link":"https:\/\/www.oflyer.hawoly.bubbledouche.fr\/?author=1"},"uagb_comment_info":0,"uagb_excerpt":"Qui sommes nous? accueil O&#8217;Flyer est une entreprise jeune et dynamique fond\u00e9e par une jeune passionn\u00e9e , anim\u00e9e par le d\u00e9sir de donner vie \u00e0 vos id\u00e9es \u00e0 travers des cr\u00e9ations visuelles uniques. Depuis toujours, l\u2019art graphique et la vid\u00e9o font partie de son quotidien. Elle a d\u00e9cid\u00e9 de transformer cette passion en projet en\u2026","_links":{"self":[{"href":"https:\/\/www.oflyer.hawoly.bubbledouche.fr\/index.php?rest_route=\/wp\/v2\/pages\/67","targetHints":{"allow":["GET"]}}],"collection":[{"href":"https:\/\/www.oflyer.hawoly.bubbledouche.fr\/index.php?rest_route=\/wp\/v2\/pages"}],"about":[{"href":"https:\/\/www.oflyer.hawoly.bubbledouche.fr\/index.php?rest_route=\/wp\/v2\/types\/page"}],"author":[{"embeddable":true,"href":"https:\/\/www.oflyer.hawoly.bubbledouche.fr\/index.php?rest_route=\/wp\/v2\/users\/1"}],"replies":[{"embeddable":true,"href":"https:\/\/www.oflyer.hawoly.bubbledouche.fr\/index.php?rest_route=%2Fwp%2Fv2%2Fcomments&post=67"}],"version-history":[{"count":4,"href":"https:\/\/www.oflyer.hawoly.bubbledouche.fr\/index.php?rest_route=\/wp\/v2\/pages\/67\/revisions"}],"predecessor-version":[{"id":323,"href":"https:\/\/www.oflyer.hawoly.bubbledouche.fr\/index.php?rest_route=\/wp\/v2\/pages\/67\/revisions\/323"}],"wp:attachment":[{"href":"https:\/\/www.oflyer.hawoly.bubbledouche.fr\/index.php?rest_route=%2Fwp%2Fv2%2Fmedia&parent=67"}],"curies":[{"name":"wp","href":"https:\/\/api.w.org\/{rel}","templated":true}]}}