{"id":200,"date":"2024-09-19T15:08:59","date_gmt":"2024-09-19T15:08:59","guid":{"rendered":"https:\/\/oflyer.wordifysites.com\/?post_type=product&#038;p=200"},"modified":"2024-09-22T21:57:32","modified_gmt":"2024-09-22T21:57:32","slug":"montage-video","status":"publish","type":"product","link":"https:\/\/www.oflyer.hawoly.bubbledouche.fr\/?product=montage-video","title":{"rendered":"Montage vid\u00e9o"},"content":{"rendered":"<p>Boostez la visibilit\u00e9 de vos projets avec notre service de montage vid\u00e9o professionnel.<br \/>\nQue ce soit pour promouvoir un produit, un \u00e9v\u00e9nement ou cr\u00e9er du contenu engageant pour vos r\u00e9seaux sociaux, nous transformons vos vid\u00e9os en outils de communication percutants et m\u00e9morables.<br \/>\nGr\u00e2ce \u00e0 des montages dynamiques, des transitions fluides et une qualit\u00e9 visuelle impeccable, nous cr\u00e9ons des vid\u00e9os qui captivent et retiennent l\u2019attention de votre audience.<br \/>\nFaites confiance \u00e0 notre expertise pour donner vie \u00e0 vos id\u00e9es et renforcer l&#8217;impact de vos campagnes marketing avec des vid\u00e9os sur mesure.<\/p>\n","protected":false},"excerpt":{"rendered":"<p>Optez pour notre service de montage vid\u00e9o professionnel pour cr\u00e9er des contenus percutants et engageants. Id\u00e9al pour promouvoir vos produits, \u00e9v\u00e9nements ou renforcer votre pr\u00e9sence en ligne, nous r\u00e9alisons des vid\u00e9os dynamiques et sur mesure pour capter l\u2019attention de votre audience.<\/p>\n","protected":false},"featured_media":258,"comment_status":"open","ping_status":"closed","template":"","meta":{"_eb_attr":"","_uag_custom_page_level_css":"","site-sidebar-layout":"default","site-content-layout":"","ast-site-content-layout":"default","site-content-style":"default","site-sidebar-style":"default","ast-global-header-display":"","ast-banner-title-visibility":"","ast-main-header-display":"","ast-hfb-above-header-display":"","ast-hfb-below-header-display":"","ast-hfb-mobile-header-display":"","site-post-title":"","ast-breadcrumbs-content":"","ast-featured-img":"","footer-sml-layout":"","theme-transparent-header-meta":"default","adv-header-id-meta":"","stick-header-meta":"","header-above-stick-meta":"","header-main-stick-meta":"","header-below-stick-meta":"","astra-migrate-meta-layouts":"set","ast-page-background-enabled":"default","ast-page-background-meta":{"desktop":{"background-color":"var(--ast-global-color-4)","background-image":"","background-repeat":"repeat","background-position":"center center","background-size":"auto","background-attachment":"scroll","background-type":"","background-media":"","overlay-type":"","overlay-color":"","overlay-opacity":"","overlay-gradient":""},"tablet":{"background-color":"","background-image":"","background-repeat":"repeat","background-position":"center center","background-size":"auto","background-attachment":"scroll","background-type":"","background-media":"","overlay-type":"","overlay-color":"","overlay-opacity":"","overlay-gradient":""},"mobile":{"background-color":"","background-image":"","background-repeat":"repeat","background-position":"center center","background-size":"auto","background-attachment":"scroll","background-type":"","background-media":"","overlay-type":"","overlay-color":"","overlay-opacity":"","overlay-gradient":""}},"ast-content-background-meta":{"desktop":{"background-color":"var(--ast-global-color-5)","background-image":"","background-repeat":"repeat","background-position":"center center","background-size":"auto","background-attachment":"scroll","background-type":"","background-media":"","overlay-type":"","overlay-color":"","overlay-opacity":"","overlay-gradient":""},"tablet":{"background-color":"var(--ast-global-color-5)","background-image":"","background-repeat":"repeat","background-position":"center center","background-size":"auto","background-attachment":"scroll","background-type":"","background-media":"","overlay-type":"","overlay-color":"","overlay-opacity":"","overlay-gradient":""},"mobile":{"background-color":"var(--ast-global-color-5)","background-image":"","background-repeat":"repeat","background-position":"center center","background-size":"auto","background-attachment":"scroll","background-type":"","background-media":"","overlay-type":"","overlay-color":"","overlay-opacity":"","overlay-gradient":""}}},"product_cat":[19],"product_tag":[],"class_list":{"0":"post-200","1":"product","2":"type-product","3":"status-publish","4":"has-post-thumbnail","6":"product_cat-montages-videos","7":"desktop-align-left","8":"tablet-align-left","9":"mobile-align-left","11":"first","12":"instock","13":"shipping-taxable","14":"purchasable","15":"product-type-variable"},"jetpack_sharing_enabled":true,"uagb_featured_image_src":{"full":["https:\/\/www.oflyer.hawoly.bubbledouche.fr\/wp-content\/uploads\/2024\/09\/DALL\u00b7E-2024-09-22-23.54.46-A-realistic-modern-website-image-promoting-video-editing-services.-The-design-includes-a-professional-layout-with-a-computer-screen-displaying-realis.webp",1024,1024,false],"thumbnail":["https:\/\/www.oflyer.hawoly.bubbledouche.fr\/wp-content\/uploads\/2024\/09\/DALL\u00b7E-2024-09-22-23.54.46-A-realistic-modern-website-image-promoting-video-editing-services.-The-design-includes-a-professional-layout-with-a-computer-screen-displaying-realis-150x150.webp",150,150,true],"medium":["https:\/\/www.oflyer.hawoly.bubbledouche.fr\/wp-content\/uploads\/2024\/09\/DALL\u00b7E-2024-09-22-23.54.46-A-realistic-modern-website-image-promoting-video-editing-services.-The-design-includes-a-professional-layout-with-a-computer-screen-displaying-realis-300x300.webp",300,300,true],"medium_large":["https:\/\/www.oflyer.hawoly.bubbledouche.fr\/wp-content\/uploads\/2024\/09\/DALL\u00b7E-2024-09-22-23.54.46-A-realistic-modern-website-image-promoting-video-editing-services.-The-design-includes-a-professional-layout-with-a-computer-screen-displaying-realis-768x768.webp",768,768,true],"large":["https:\/\/www.oflyer.hawoly.bubbledouche.fr\/wp-content\/uploads\/2024\/09\/DALL\u00b7E-2024-09-22-23.54.46-A-realistic-modern-website-image-promoting-video-editing-services.-The-design-includes-a-professional-layout-with-a-computer-screen-displaying-realis.webp",1024,1024,false],"1536x1536":["https:\/\/www.oflyer.hawoly.bubbledouche.fr\/wp-content\/uploads\/2024\/09\/DALL\u00b7E-2024-09-22-23.54.46-A-realistic-modern-website-image-promoting-video-editing-services.-The-design-includes-a-professional-layout-with-a-computer-screen-displaying-realis.webp",1024,1024,false],"2048x2048":["https:\/\/www.oflyer.hawoly.bubbledouche.fr\/wp-content\/uploads\/2024\/09\/DALL\u00b7E-2024-09-22-23.54.46-A-realistic-modern-website-image-promoting-video-editing-services.-The-design-includes-a-professional-layout-with-a-computer-screen-displaying-realis.webp",1024,1024,false],"mailpoet_newsletter_max":["https:\/\/www.oflyer.hawoly.bubbledouche.fr\/wp-content\/uploads\/2024\/09\/DALL\u00b7E-2024-09-22-23.54.46-A-realistic-modern-website-image-promoting-video-editing-services.-The-design-includes-a-professional-layout-with-a-computer-screen-displaying-realis.webp",1024,1024,false],"woocommerce_thumbnail":["https:\/\/www.oflyer.hawoly.bubbledouche.fr\/wp-content\/uploads\/2024\/09\/DALL\u00b7E-2024-09-22-23.54.46-A-realistic-modern-website-image-promoting-video-editing-services.-The-design-includes-a-professional-layout-with-a-computer-screen-displaying-realis-300x300.webp",300,300,true],"woocommerce_single":["https:\/\/www.oflyer.hawoly.bubbledouche.fr\/wp-content\/uploads\/2024\/09\/DALL\u00b7E-2024-09-22-23.54.46-A-realistic-modern-website-image-promoting-video-editing-services.-The-design-includes-a-professional-layout-with-a-computer-screen-displaying-realis-600x600.webp",600,600,true],"woocommerce_gallery_thumbnail":["https:\/\/www.oflyer.hawoly.bubbledouche.fr\/wp-content\/uploads\/2024\/09\/DALL\u00b7E-2024-09-22-23.54.46-A-realistic-modern-website-image-promoting-video-editing-services.-The-design-includes-a-professional-layout-with-a-computer-screen-displaying-realis-100x100.webp",100,100,true]},"uagb_author_info":{"display_name":"oumou","author_link":"https:\/\/www.oflyer.hawoly.bubbledouche.fr\/?author=0"},"uagb_comment_info":0,"uagb_excerpt":"Optez pour notre service de montage vid\u00e9o professionnel pour cr\u00e9er des contenus percutants et engageants. Id\u00e9al pour promouvoir vos produits, \u00e9v\u00e9nements ou renforcer votre pr\u00e9sence en ligne, nous r\u00e9alisons des vid\u00e9os dynamiques et sur mesure pour capter l\u2019attention de votre audience.","_links":{"self":[{"href":"https:\/\/www.oflyer.hawoly.bubbledouche.fr\/index.php?rest_route=\/wp\/v2\/product\/200","targetHints":{"allow":["GET"]}}],"collection":[{"href":"https:\/\/www.oflyer.hawoly.bubbledouche.fr\/index.php?rest_route=\/wp\/v2\/product"}],"about":[{"href":"https:\/\/www.oflyer.hawoly.bubbledouche.fr\/index.php?rest_route=\/wp\/v2\/types\/product"}],"replies":[{"embeddable":true,"href":"https:\/\/www.oflyer.hawoly.bubbledouche.fr\/index.php?rest_route=%2Fwp%2Fv2%2Fcomments&post=200"}],"wp:featuredmedia":[{"embeddable":true,"href":"https:\/\/www.oflyer.hawoly.bubbledouche.fr\/index.php?rest_route=\/wp\/v2\/media\/258"}],"wp:attachment":[{"href":"https:\/\/www.oflyer.hawoly.bubbledouche.fr\/index.php?rest_route=%2Fwp%2Fv2%2Fmedia&parent=200"}],"wp:term":[{"taxonomy":"product_cat","embeddable":true,"href":"https:\/\/www.oflyer.hawoly.bubbledouche.fr\/index.php?rest_route=%2Fwp%2Fv2%2Fproduct_cat&post=200"},{"taxonomy":"product_tag","embeddable":true,"href":"https:\/\/www.oflyer.hawoly.bubbledouche.fr\/index.php?rest_route=%2Fwp%2Fv2%2Fproduct_tag&post=200"}],"curies":[{"name":"wp","href":"https:\/\/api.w.org\/{rel}","templated":true}]}}